{"id":43,"date":"2022-07-11T15:44:49","date_gmt":"2022-07-11T13:44:49","guid":{"rendered":"http:\/\/lesglacesdemadameclown.com\/?page_id=43"},"modified":"2023-01-09T20:40:16","modified_gmt":"2023-01-09T19:40:16","slug":"le-site-de-lecole-de-clown","status":"publish","type":"page","link":"https:\/\/lesglacesdemadameclown.com\/index.php\/le-site-de-lecole-de-clown\/","title":{"rendered":"Location de la salle"},"content":{"rendered":"\n<p>A la m\u00eame adresse, \u00e0 l&rsquo;\u00e9tage, il y a une magnifique salle pour toutes sortes d&rsquo;\u00e9v\u00e9nements (mariage, soir\u00e9e dansante, conf\u00e9rence, concert &#8230;.)<\/p>\n\n\n\n<p>Le lieu est compos\u00e9 de :<\/p>\n\n\n\n<p><strong>Espace int\u00e9rieur (180 m2)<\/strong><\/p>\n\n\n\n<p>. un hall d&rsquo;entr\u00e9e avec un escalier<\/p>\n\n\n\n<p>. une salle (120 m2) avec une piste de danse<\/p>\n\n\n\n<p>. une sc\u00e8ne (20 m2)<\/p>\n\n\n\n<p>. un espace bar avec des frigos professionnels et deux espaces vaisselle (40 m2)<\/p>\n\n\n\n<p>.  un petit salon<\/p>\n\n\n\n<p>. Sanitaires (H\/F)<\/p>\n\n\n\n<p><\/p>\n\n\n\n<p><strong>Espace Ext\u00e9rieur (8 ares) inclus dans la location : <\/strong><\/p>\n\n\n\n<p>. Grande terrasse ensoleill\u00e9e<\/p>\n\n\n\n<p>. Grand barbecue couvert<\/p>\n\n\n\n<p>. Jardin sud-ouest s\u00e9curis\u00e9<\/p>\n\n\n\n<p><\/p>\n\n\n\n<p><strong>Mat\u00e9riel mis \u00e0 disposition (inclus dans la location)<\/strong><\/p>\n\n\n\n<p>. Tables et chaises (pour 70 personnes)<\/p>\n\n\n\n<p>. Verres (vin, bi\u00e8re sp, soft)<\/p>\n\n\n\n<p>. Boule \u00e0 facette<\/p>\n\n\n\n<p><strong>Prix de la location<\/strong> :<\/p>\n\n\n\n<p>de 275\u20ac \u00e0 600\u20ac selon <strong>LA DUREE <\/strong>de votre \u00e9v\u00e9nement + <strong>75\u20ac de frais de nettoyage<\/strong><\/p>\n\n\n\n<p>. PETIT EVENEMENT : apr\u00e8s-midi, f\u00eate d&rsquo;anniversaire &#8230;. 3-4 heures &#8230;&#8230;&#8230;&#8230;&#8230;&#8230;&#8230;&#8230;&#8230;&#8230;.. 275\u20ac<\/p>\n\n\n\n<p>. MOYEN EVENEMENT : apr\u00e8s- midi et soir\u00e9e jusqu&rsquo;\u00e0 minuit maximum &#8230;&#8230;&#8230;&#8230;&#8230;&#8230;&#8230;.. 400\u20ac<\/p>\n\n\n\n<p>. GRAND EVENEMENT : apr\u00e8s-midi et soir\u00e9e sans limite d&rsquo;heure &#8230;&#8230;&#8230;&#8230;&#8230;&#8230;&#8230;&#8230;&#8230;&#8230;&#8230;.. 600\u20ac<\/p>\n\n\n\n<p>N&rsquo;h\u00e9sitez pas \u00e0 contacter Daphn\u00e9 Robin pour plus d&rsquo;informations au 0495 231 248 ou par mail \u00e0 daphnerobin07@gmail.com<\/p>\n\n\n\n<p><\/p>\n\n\n\n<p class=\"has-text-align-center has-vivid-red-color has-text-color has-medium-font-size\"><\/p>\n\n\n\n<figure class=\"wp-block-image size-medium is-style-default\"><img loading=\"lazy\" decoding=\"async\" width=\"300\" height=\"200\" src=\"https:\/\/lesglacesdemadameclown.com\/wp-content\/uploads\/2023\/01\/IMG_3526-300x200.jpg\" alt=\"\" class=\"wp-image-206\" srcset=\"https:\/\/lesglacesdemadameclown.com\/wp-content\/uploads\/2023\/01\/IMG_3526-300x200.jpg 300w, https:\/\/lesglacesdemadameclown.com\/wp-content\/uploads\/2023\/01\/IMG_3526-768x512.jpg 768w, https:\/\/lesglacesdemadameclown.com\/wp-content\/uploads\/2023\/01\/IMG_3526.jpg 1000w\" sizes=\"auto, (max-width: 300px) 100vw, 300px\" \/><\/figure>\n\n\n\n\n\n<figure class=\"wp-block-gallery has-nested-images columns-default is-cropped wp-block-gallery-1 is-layout-flex wp-block-gallery-is-layout-flex\">\n<figure class=\"wp-block-image size-large\"><img loading=\"lazy\" decoding=\"async\" width=\"1000\" height=\"667\" data-id=\"211\" src=\"https:\/\/lesglacesdemadameclown.com\/wp-content\/uploads\/2023\/01\/DSC_0893-1.jpg\" alt=\"\" class=\"wp-image-211\" srcset=\"https:\/\/lesglacesdemadameclown.com\/wp-content\/uploads\/2023\/01\/DSC_0893-1.jpg 1000w, https:\/\/lesglacesdemadameclown.com\/wp-content\/uploads\/2023\/01\/DSC_0893-1-300x200.jpg 300w, https:\/\/lesglacesdemadameclown.com\/wp-content\/uploads\/2023\/01\/DSC_0893-1-768x512.jpg 768w\" sizes=\"auto, (max-width: 1000px) 100vw, 1000px\" \/><\/figure>\n\n\n\n<figure class=\"wp-block-image size-large\"><img loading=\"lazy\" decoding=\"async\" width=\"1000\" height=\"667\" data-id=\"210\" src=\"https:\/\/lesglacesdemadameclown.com\/wp-content\/uploads\/2023\/01\/scene-1.jpg\" alt=\"\" class=\"wp-image-210\" srcset=\"https:\/\/lesglacesdemadameclown.com\/wp-content\/uploads\/2023\/01\/scene-1.jpg 1000w, https:\/\/lesglacesdemadameclown.com\/wp-content\/uploads\/2023\/01\/scene-1-300x200.jpg 300w, https:\/\/lesglacesdemadameclown.com\/wp-content\/uploads\/2023\/01\/scene-1-768x512.jpg 768w\" sizes=\"auto, (max-width: 1000px) 100vw, 1000px\" \/><\/figure>\n\n\n\n<figure class=\"wp-block-image size-large\"><img loading=\"lazy\" decoding=\"async\" width=\"1000\" height=\"667\" data-id=\"209\" src=\"https:\/\/lesglacesdemadameclown.com\/wp-content\/uploads\/2023\/01\/DSC_0896-1.jpg\" alt=\"\" class=\"wp-image-209\" srcset=\"https:\/\/lesglacesdemadameclown.com\/wp-content\/uploads\/2023\/01\/DSC_0896-1.jpg 1000w, https:\/\/lesglacesdemadameclown.com\/wp-content\/uploads\/2023\/01\/DSC_0896-1-300x200.jpg 300w, https:\/\/lesglacesdemadameclown.com\/wp-content\/uploads\/2023\/01\/DSC_0896-1-768x512.jpg 768w\" sizes=\"auto, (max-width: 1000px) 100vw, 1000px\" \/><\/figure>\n\n\n\n<figure class=\"wp-block-image size-large\"><img loading=\"lazy\" decoding=\"async\" width=\"1000\" height=\"667\" data-id=\"208\" src=\"https:\/\/lesglacesdemadameclown.com\/wp-content\/uploads\/2023\/01\/IMG_3581-1.jpg\" alt=\"\" class=\"wp-image-208\" srcset=\"https:\/\/lesglacesdemadameclown.com\/wp-content\/uploads\/2023\/01\/IMG_3581-1.jpg 1000w, https:\/\/lesglacesdemadameclown.com\/wp-content\/uploads\/2023\/01\/IMG_3581-1-300x200.jpg 300w, https:\/\/lesglacesdemadameclown.com\/wp-content\/uploads\/2023\/01\/IMG_3581-1-768x512.jpg 768w\" sizes=\"auto, (max-width: 1000px) 100vw, 1000px\" \/><\/figure>\n<\/figure>\n\n\n\n\n","protected":false},"excerpt":{"rendered":"<p>A la m\u00eame adresse, \u00e0 l&rsquo;\u00e9tage, il y a une magnifique salle pour toutes sortes d&rsquo;\u00e9v\u00e9nements (mariage, soir\u00e9e dansante, conf\u00e9rence, concert &#8230;.) Le lieu est compos\u00e9 de : Espace int\u00e9rieur (180 m2) . un hall d&rsquo;entr\u00e9e avec un escalier . une salle (120 m2) avec une piste de danse . une sc\u00e8ne (20 m2) . &hellip;<\/p>\n<p class=\"read-more\"> <a class=\"\" href=\"https:\/\/lesglacesdemadameclown.com\/index.php\/le-site-de-lecole-de-clown\/\"> <span class=\"screen-reader-text\">Location de la salle<\/span> Lire la suite\u00a0\u00bb<\/a><\/p>\n","protected":false},"author":1,"featured_media":202,"parent":0,"menu_order":0,"comment_status":"closed","ping_status":"closed","template":"","meta":{"_uag_custom_page_level_css":"","site-sidebar-layout":"default","site-content-layout":"default","ast-global-header-display":"","ast-main-header-display":"","ast-hfb-above-header-display":"","ast-hfb-below-header-display":"","ast-hfb-mobile-header-display":"","site-post-title":"","ast-breadcrumbs-content":"","ast-featured-img":"","footer-sml-layout":"","theme-transparent-header-meta":"","adv-header-id-meta":"","stick-header-meta":"","header-above-stick-meta":"","header-main-stick-meta":"","header-below-stick-meta":"","footnotes":""},"class_list":["post-43","page","type-page","status-publish","has-post-thumbnail","hentry"],"uagb_featured_image_src":{"full":["https:\/\/lesglacesdemadameclown.com\/wp-content\/uploads\/2023\/01\/DSC_0893.jpg",1000,667,false],"thumbnail":["https:\/\/lesglacesdemadameclown.com\/wp-content\/uploads\/2023\/01\/DSC_0893-150x150.jpg",150,150,true],"medium":["https:\/\/lesglacesdemadameclown.com\/wp-content\/uploads\/2023\/01\/DSC_0893-300x200.jpg",300,200,true],"medium_large":["https:\/\/lesglacesdemadameclown.com\/wp-content\/uploads\/2023\/01\/DSC_0893-768x512.jpg",768,512,true],"large":["https:\/\/lesglacesdemadameclown.com\/wp-content\/uploads\/2023\/01\/DSC_0893.jpg",1000,667,false],"1536x1536":["https:\/\/lesglacesdemadameclown.com\/wp-content\/uploads\/2023\/01\/DSC_0893.jpg",1000,667,false],"2048x2048":["https:\/\/lesglacesdemadameclown.com\/wp-content\/uploads\/2023\/01\/DSC_0893.jpg",1000,667,false]},"uagb_author_info":{"display_name":"admin4552","author_link":"https:\/\/lesglacesdemadameclown.com\/index.php\/author\/admin4552\/"},"uagb_comment_info":0,"uagb_excerpt":"A la m\u00eame adresse, \u00e0 l&rsquo;\u00e9tage, il y a une magnifique salle pour toutes sortes d&rsquo;\u00e9v\u00e9nements (mariage, soir\u00e9e dansante, conf\u00e9rence, concert &#8230;.) Le lieu est compos\u00e9 de : Espace int\u00e9rieur (180 m2) . un hall d&rsquo;entr\u00e9e avec un escalier . une salle (120 m2) avec une piste de danse . une sc\u00e8ne (20 m2) .\u2026","_links":{"self":[{"href":"https:\/\/lesglacesdemadameclown.com\/index.php\/wp-json\/wp\/v2\/pages\/43","targetHints":{"allow":["GET"]}}],"collection":[{"href":"https:\/\/lesglacesdemadameclown.com\/index.php\/wp-json\/wp\/v2\/pages"}],"about":[{"href":"https:\/\/lesglacesdemadameclown.com\/index.php\/wp-json\/wp\/v2\/types\/page"}],"author":[{"embeddable":true,"href":"https:\/\/lesglacesdemadameclown.com\/index.php\/wp-json\/wp\/v2\/users\/1"}],"replies":[{"embeddable":true,"href":"https:\/\/lesglacesdemadameclown.com\/index.php\/wp-json\/wp\/v2\/comments?post=43"}],"version-history":[{"count":11,"href":"https:\/\/lesglacesdemadameclown.com\/index.php\/wp-json\/wp\/v2\/pages\/43\/revisions"}],"predecessor-version":[{"id":220,"href":"https:\/\/lesglacesdemadameclown.com\/index.php\/wp-json\/wp\/v2\/pages\/43\/revisions\/220"}],"wp:featuredmedia":[{"embeddable":true,"href":"https:\/\/lesglacesdemadameclown.com\/index.php\/wp-json\/wp\/v2\/media\/202"}],"wp:attachment":[{"href":"https:\/\/lesglacesdemadameclown.com\/index.php\/wp-json\/wp\/v2\/media?parent=43"}],"curies":[{"name":"wp","href":"https:\/\/api.w.org\/{rel}","templated":true}]}}